{"id":70,"date":"2020-07-10T19:09:22","date_gmt":"2020-07-10T19:09:22","guid":{"rendered":"https:\/\/versisolucoes.com.br\/engenharia\/?page_id=70"},"modified":"2020-07-10T19:46:32","modified_gmt":"2020-07-10T19:46:32","slug":"inicio","status":"publish","type":"page","link":"https:\/\/versisolucoes.com.br\/engenharia\/","title":{"rendered":"In\u00edcio"},"content":{"rendered":"\n<p>Bem-vindo \u00e0 Versi Solu\u00e7\u00f5es &#8211; Torres. Elaboramos projetos de torres de linhas de transmiss\u00e3o e de telecomunica\u00e7\u00f5es. Neste site voc\u00ea poder\u00e1 saber um pouco mais sobre nosso trabalho.<\/p>\n","protected":false},"excerpt":{"rendered":"<p>Bem-vindo \u00e0 Versi Solu\u00e7\u00f5es &#8211; Torres. Elaboramos projetos de torres de linhas de transmiss\u00e3o e de telecomunica\u00e7\u00f5es. Neste site voc\u00ea poder\u00e1 saber um pouco mais sobre nosso trabalho.<\/p>\n","protected":false},"author":1,"featured_media":0,"parent":0,"menu_order":0,"comment_status":"closed","ping_status":"closed","template":"","meta":{"_monsterinsights_skip_tracking":false,"_monsterinsights_sitenote_active":false,"_monsterinsights_sitenote_note":"","_monsterinsights_sitenote_category":0,"footnotes":""},"class_list":["post-70","page","type-page","status-publish","hentry"],"_links":{"self":[{"href":"https:\/\/versisolucoes.com.br\/engenharia\/wp-json\/wp\/v2\/pages\/70","targetHints":{"allow":["GET"]}}],"collection":[{"href":"https:\/\/versisolucoes.com.br\/engenharia\/wp-json\/wp\/v2\/pages"}],"about":[{"href":"https:\/\/versisolucoes.com.br\/engenharia\/wp-json\/wp\/v2\/types\/page"}],"author":[{"embeddable":true,"href":"https:\/\/versisolucoes.com.br\/engenharia\/wp-json\/wp\/v2\/users\/1"}],"replies":[{"embeddable":true,"href":"https:\/\/versisolucoes.com.br\/engenharia\/wp-json\/wp\/v2\/comments?post=70"}],"version-history":[{"count":2,"href":"https:\/\/versisolucoes.com.br\/engenharia\/wp-json\/wp\/v2\/pages\/70\/revisions"}],"predecessor-version":[{"id":96,"href":"https:\/\/versisolucoes.com.br\/engenharia\/wp-json\/wp\/v2\/pages\/70\/revisions\/96"}],"wp:attachment":[{"href":"https:\/\/versisolucoes.com.br\/engenharia\/wp-json\/wp\/v2\/media?parent=70"}],"curies":[{"name":"wp","href":"https:\/\/api.w.org\/{rel}","templated":true}]}}